0 - (-8)/28). What is the greatest common divisor of u and 29?
29
Suppose 8*o + 1393 = -1559. Let z = o + 607. What is the greatest common factor of z and 17?
17
Let c = -100520 + 100576. Suppose 2*l + 0*w - 377 = -5*w, -965 = -5*l - 5*w. What is the highest common divisor of l and c?
28
Suppose 22442 - 10366 = 221*y - 11350. What is the highest common factor of y and 1643?
53
Suppose 4*m = w + 551, 2*m + 3*w - 278 = w. Suppose f = m + 132. Suppose -150 = 90*b - 95*b. Calculate the greatest common factor of f and b.
30
Suppose -24*l + 39*l = 17*l - 138. Let d = 4 + -4. Suppose c + 3*c - y - 189 = 0, -c + 2*y + 56 = d. What is the highest common divisor of l and c?
23
Suppose -12 = 2*x + y - 5*y, x - 14 = -2*y. Suppose -8*r + 9*r - 463 = -x*f, 4*f + 2*r - 466 = 0. What is the highest common factor of 69 and f?
23
Let h = -7182 - -12736. Calculate the greatest common divisor of h and 2.
2
Let b = 6817 - 6724. What is the greatest common factor of 6820 and b?
31
Let p(z) = 2*z**3 + 7*z**2 + 17*z - 54. Let k be (18/21)/((-37)/(-259)). Let s be p(k). What is the highest common factor of 24 and s?
12
Let d = 254 - 250. Suppose 4*v + 2*s - 276 = s, d*v + 2*s - 272 = 0. What is the highest common divisor of v and 28?
14
Let t(b) = 6*b**3 + 82*b**2 - 24*b + 61. Let u be t(-14). Calculate the highest common divisor of u and 103.
1
Let y be -5*((-8)/(-18) - (-96285)/(-675)). What is the highest common factor of 790 and y?
79
Let s be (120/25 + -4)/((-2)/(-15)). Suppose -2*q + 6 = -4*u, 5*u - 6*q = -2*q - 12. Suppose 0 = a - 6 - u. What is the highest common factor of s and a?
6
Let o = 1057 - 769. Suppose 52*k + o = 58*k. What is the greatest common divisor of 304 and k?
16
Let u(q) = 2*q**2 + 33*q - 7. Let j be u(-18). Let c = j - 46. Suppose 8 = 4*l + 4*r - 8, -l + c = -2*r. What is the highest common factor of 48 and l?
3
Let i = 11 + -24. Let u(k) = 10*k**2 + 12*k + 98. Let p be u(i). Calculate the highest common factor of 102 and p.
102
Let j = 45 + -11. Suppose -16 + j = 3*n. Suppose -n*h + h = -160. What is the greatest common divisor of 24 and h?
8
Suppose 14 = 4*z + 5*a, 0*z + 3*z - 3*a = -3. Suppose -z = 5*s - 16. Let r = -4415 - -4417. Calculate the greatest common divisor of r and s.
1
Let i be (-195130)/(-38) - (9 - 4). Calculate the greatest common divisor of 30 and i.
30
Let j = 6532 + -4720. Calculate the greatest common factor of j and 36.
12
Let z = 22 + -23. Let g be 4 + z + 0 - -2. Suppose 0 = x - g*h, 7*x = 3*x + 3*h + 17. What is the highest common divisor of x and 30?
5
Let w(m) = -98*m + 1490. Let j be w(15). What is the highest common factor of 5420 and j?
20
Let x(y) = 36*y**2 + 35. Let c be x(-4). Calculate the highest common divisor of 104 and c.
13
Suppose 0 = -n + i + 440, 5*n - 3256 = 2*i - 1041. Let l = -405 + n. Calculate the highest common divisor of l and 340.
20
Let m be 1 + 2 - 1 - -30. Let t = -14 + m. Let g(s) = -s**3 + 180. Let z be g(0). Calculate the highest common factor of z and t.
18
Let x(n) = 4*n**3 + 32*n**2 - 144*n - 12. Let a be x(5). What is the highest common divisor of 72 and a?
8
Suppose -69*c - 7 + 175 = -384. Suppose -3*i - 224 = -7*i. Calculate the highest common divisor of c and i.
8
Suppose -3 = 3*z - 4*z. Let h(p) = p + 33. Let n be h(-17). Suppose -z*b + 0 = -3, -2*t - 2*b + n = 0. Calculate the greatest common divisor of 49 and t.
7
Let v(q) = 7*q**2 + 4*q + 6. Let c be v(-6). Let g be c/5 + (-2)/(-10). Let i = g + -42. Calculate the greatest common divisor of 15 and i.
5
Let y(k) = 74*k - 1. Let r be y(2). Suppose -5*x = -213 - r. Suppose -9*n + n + x = 0. What is the greatest common factor of 63 and n?
9
Suppose 50*d - 336 = -7*d + d. What is the greatest common factor of d and 240?
6
Suppose -2*b + 8 = 0, -5*k - 3*b = b + 29. Let l be -6*((-21)/k + -2)*1. Let f be ((-4)/8*4)/(l/4). What is the greatest common divisor of 4 and f?
4
Suppose -c = -2*w, -c + w = 4*w - 10. Suppose -2*t = 8, -2*k - c*t + 6*t = -96. Let v be (-68)/(-1) - (-2 - -4). What is the highest common factor of k and v?
22
Let b = 1227 + 633. What is the greatest common factor of 36 and b?
12
Let r be (-58)/(-8) - (-6)/8. Let h be 6/r*2*108. What is the highest common factor of h and 90?
18
Let a(n) = 10*n - 21. Let f be -10*(-2)/16*(1 - -3). Let g be a(f). Suppose -g*k + 24*k + 805 = 0. What is the highest common factor of k and 23?
23
Let a(h) = 608*h**2 + 86*h + 271. Let n be a(-3). Calculate the greatest common factor of 15 and n.
5
Suppose 310*v + 216*v = 126240. Calculate the highest common divisor of 11440 and v.
80
Let v(l) = 52*l**2 + 987*l + 3. Let x be v(-19). What is the highest common divisor of x and 16434?
22
Let d be (175/15 - 3)*90/20. Let g(t) = 2*t**3 - 22*t**2 - t + 14. Let m be g(11). Calculate the highest common factor of m and d.
3
Let z(v) be the third derivative of -v**4/3 - 5*v**3/6 - 13*v**2. Let j be z(-5). Suppose -166 - 79 = -m. What is the highest common divisor of j and m?
35
Let a(m) = m**3 - 4*m**2 - 9*m + 12. Let h(g) = -5*g - 6. Let n be h(-2). Let l be a(n). Let q = 56 + l. Calculate the greatest common factor of q and 80.
16
Let o = -5557 + 6389. What is the highest common factor of 260 and o?
52
Suppose -33280 = -5*q - 4*j, 4*j + 33285 = 5*q + 7*j. What is the highest common factor of 15 and q?
15
Let y be (-2)/(-20) - 3157/70. Let n be ((-96)/40)/(12/y). What is the highest common factor of n and 27?
9
Suppose 0 = 34*k - 36*k - 4*j + 260, 2*k + j = 245. Let u(i) = -19*i - 5. Let q be u(3). Let l = q - -110. What is the highest common factor of l and k?
24
Suppose -5*p + 4*v = -44, -2*p + 32 = -26*v + 28*v. Suppose -5*x - 4*n = -1868, x + 4*x = 4*n + 1852. Calculate the highest common divisor of x and p.
12
Let f be (7/21)/((-1)/3) + (-25545)/(-65). Calculate the highest common divisor of f and 1225.
49
Let w be (-88)/(-6)*360/110. Calculate the highest common divisor of 3912 and w.
24
Suppose 14*w - 19*w + 885 = 0. Let s be (-1*(1 - -58))/(8/(-16)). Calculate the highest common factor of s and w.
59
Suppose 29*v = 12*v + 17. Suppose -265 = -2*j - 249. Calculate the highest common factor of j and v.
1
Let f(r) be the third derivative of r**4/2 + r**3/6 + 18*r**2. Let d be f(1). Suppose 18*t - 15 = d*t. Calculate the highest common divisor of 2 and t.
1
Suppose 10*a = 2650 + 640. Let p(b) = 3*b**3 - 3*b**2 - 5*b + 8. Let c be p(3). What is the greatest common divisor of a and c?
47
Let r(j) = 2*j + 39*j**3 + 0*j + 4*j + 2*j**2 - 40*j**3. Let n be r(4). Let q be (n/2 - -2)*12/(-8). Calculate the highest common factor of 27 and q.
3
Suppose -3*q = 2*b - 563, 6*b + 4*q = 3*b + 842. Suppose -2*z + 5*z + 2*p = 162, 5*z + 2*p - b = 0. Calculate the greatest common factor of z and 49.
7
Let o = -2105 + 2133. What is the highest common divisor of o and 9730?
14
Let u(f) = -2*f**2 - 282*f - 5560. Let p be u(-117). Let w = 198 - 58. Calculate the greatest common factor of w and p.
28
Let l(f) = -f**2 - 5*f - 3. Let a be l(-3). Suppose 3*x + 3*w + w + 11 = 0, 4*x = 3*w + 52. What is the highest common divisor of a and x?
1
Suppose 0 = -2*q - u + 101, 0 = 39*q - 40*q - 4*u + 54. What is the greatest common factor of 350 and q?
50
Let v be 1054 + (-2 - -2) + -1. Let w = -677 + v. Let r be (3 - 0)/(3/w). Calculate the highest common divisor of 47 and r.
47
Suppose -c - 721*z + 726*z + 32 = 0, z = 3*c - 208. What is the highest common divisor of 8316 and c?
36
Let y be (25 - 73)*-2*(-10)/(-12). Let s(r) = -r**3 - 5*r**2 + 4*r + 18. Let f be s(-6). What is the highest common divisor of y and f?
10
Let y(z) = z**3 + 5*z**2 + z + 6. Let q be y(-4). Suppose -3 + 6 = -s, -3*s + 600 = 3*k. Let j = -113 + k. Calculate the greatest common factor of q and j.
18
Let c(x) = x**3 + 18*x**2 + 30*x - 27. Let v be c(-13). Suppose 2*n = v + 14. Calculate the highest common divisor of 13 and n.
13
Suppose 0 = r - 4*w - 18745, 3*r - 258*w = -260*w + 56179. Calculate the greatest common factor of 9 and r.
9
Suppose 4*f + f - 50 = 0. Suppose -2*y - f = -4*t, 2*y - 7 - 19 = -5*t. Suppose -t*v - 79 + 215 = 0. What is the greatest common divisor of 306 and v?
34
Suppose 0 = -5*h + 15, -2*l + 21 = -h + 16. Let w(r) = 6 - 4 + 3 + 3*r. Let v be w(l). Calculate the greatest common factor of 34 and v.
17
Suppose -5*d - 9 = 